
What is the remainder when 785 is divided by 252?
29
What is the remainder when 37 is divided by 4?
1
Calculate the remainder when 13439 is divided by 32.
31
What is the remainder when 118 is divided by 75?
43
What is the remainder when 113 is divided by 65?
48
Calculate the remainder when 1073 is divided by 89.
5
Calculate the remainder when 489 is divided by 169.
151
What is the remainder when 7 is divided by 7?
0
Calculate the remainder when 72 is divided by 11.
6
What is the remainder when 67 is divided by 3?
1
Calculate the remainder when 234 is divided by 119.
115
Calculate the remainder when 12 is divided by 8.
4
What is the remainder when 950 is divided by 470?
10
Calculate the remainder when 893 is divided by 150.
143
Calculate the remainder when 2275 is divided by 17.
14
What is the remainder when 262 is divided by 16?
6
Calculate the remainder when 5733 is divided by 5.
3
What is the remainder when 161 is divided by 122?
39
What is the remainder when 769 is divided by 20?
9
Calculate the remainder when 438 is divided by 74.
68
What is the remainder when 3778 is divided by 1258?
4
Calculate the remainder when 560 is divided by 55.
10
What is the remainder when 370 is divided by 11?
7
What is the remainder when 283 is divided by 5?
3
What is the remainder when 125 is divided by 21?
20
What is the remainder when 217 is divided by 111?
106
What is the remainder when 2658 is divided by 661?
14
Calculate the remainder when 144 is divided by 21.
18
What is the remainder when 338 is divided by 17?
15
Calculate the remainder when 1000 is divided by 91.
90
Calculate the remainder when 18142 is divided by 162.
160
What is the remainder when 16605 is divided by 16?
13
What is the remainder when 118 is divided by 15?
13
Calculate the remainder when 167 is divided by 5.
2
What is the remainder when 2263 is divided by 451?
8
What is the remainder when 534 is divided by 18?
12
Calculate the remainder when 3579 is divided by 128.
123
Calculate the remainder when 108 is divided by 55.
53
What is the remainder when 539 is divided by 22?
11
What is the remainder when 864 is divided by 87?
81
What is the remainder when 697 is divided by 19?
13
What is the remainder when 160 is divided by 30?
10
What is the remainder when 768 is divided by 248?
24
What is the remainder when 1357 is divided by 85?
82
Calculate the remainder when 985 is divided by 52.
49
Calculate the remainder when 2942 is divided by 489.
8
What is the remainder when 1481 is divided by 55?
51
Calculate the remainder when 525 is divided by 8.
5
What is the remainder when 719 is divided by 39?
17
Calculate the remainder when 24 is divided by 4.
0
What is the remainder when 122 is divided by 59?
4
Calculate the remainder when 503 is divided by 28.
27
What is the remainder when 126 is divided by 65?
61
Calculate the remainder when 613 is divided by 8.
5
What is the remainder when 181 is divided by 14?
13
Calculate the remainder when 1205 is divided by 17.
15
Calculate the remainder when 402 is divided by 29.
25
Calculate the remainder when 113 is divided by 29.
26
Calculate the remainder when 1233 is divided by 114.
93
What is the remainder when 270 is divided by 146?
124
What is the remainder when 924 is divided by 192?
156
Calculate the remainder when 164 is divided by 19.
12
Calculate the remainder when 935 is divided by 13.
12
Calculate the remainder when 341 is divided by 14.
5
Calculate the remainder when 667 is divided by 70.
37
Calculate the remainder when 501 is divided by 119.
25
Calculate the remainder when 309 is divided by 79.
72
What is the remainder when 1330 is divided by 36?
34
Calculate the remainder when 1115 is divided by 59.
53
What is the remainder when 308 is divided by 39?
35
What is the remainder when 68 is divided by 33?
2
Calculate the remainder when 229 is divided by 40.
29
Calculate the remainder when 1052 is divided by 31.
29
Calculate the remainder when 1099 is divided by 163.
121
What is the remainder when 121 is divided by 89?
32
Calculate the remainder when 859 is divided by 30.
19
What is the remainder when 391 is divided by 48?
7
What is the remainder when 131 is divided by 30?
11
Calculate the remainder when 15 is divided by 6.
3
Calculate the remainder when 277 is divided by 18.
7
What is the remainder when 2385 is divided by 790?
15
What is the remainder when 141 is divided by 12?
9
Calculate the remainder when 16730 is divided by 13.
12
What is the remainder when 304 is divided by 22?
18
What is the remainder when 13778 is divided by 130?
128
What is the remainder when 271 is divided by 69?
64
Calculate the remainder when 2059 is divided by 85.
19
Calculate the remainder when 158 is divided by 43.
29
Calculate the remainder when 1213 is divided by 29.
24
What is the remainder when 1257 is divided by 33?
3
What is the remainder when 1926 is divided by 48?
6
What is the remainder when 888 is divided by 56?
48
What is the remainder when 1091 is divided by 91?
90
Calculate the remainder when 44 is divided by 17.
10
What is the remainder when 4455 is divided by 39?
9
Calculate the remainder when 728 is divided by 51.
14
Calculate the remainder when 284 is divided by 41.
38
What is the remainder when 492 is divided by 469?
23
What is the remainder when 143 is divided by 64?
15
Calculate the remainder when 77 is divided by 7.
0
What is the remainder when 1461 is divided by 43?
42
Calculate the remainder when 1178 is divided by 49.
2
Calculate the remainder when 871 is divided by 10.
1
What is the remainder when 79 is divided by 35?
9
What is the remainder when 32 is divided by 19?
13
What is the remainder when 265 is divided by 29?
4
Calculate the remainder when 499 is divided by 80.
19
What is the remainder when 709 is divided by 142?
141
What is the remainder when 336 is divided by 17?
13
What is the remainder when 1246 is divided by 1232?
14
Calculate the remainder when 846 is divided by 121.
120
Calculate the remainder when 171 is divided by 92.
79
Calculate the remainder when 1497 is divided by 15.
12
Calculate the remainder when 95 is divided by 8.
7
What is the remainder when 149 is divided by 32?
21
What is the remainder when 1328 is divided by 436?
20
Calculate the remainder when 37 is divided by 7.
2
Calculate the remainder when 1469 is divided by 295.
289
What is the remainder when 68 is divided by 27?
14
What is the remainder when 6279 is divided by 11?
9
Calculate the remainder when 494 is divided by 47.
24
Calculate the remainder when 6676 is divided by 159.
157
Calculate the remainder when 651 is divided by 101.
45
Calculate the remainder when 86 is divided by 30.
26
Calculate the remainder when 154 is divided by 26.
24
What is the remainder when 987 is divided by 33?
30
Calculate the remainder when 87 is divided by 19.
11
Calculate the remainder when 31 is divided by 2.
1
Calculate the remainder when 316 is divided by 71.
32
What is the remainder when 11 is divided by 4?
3
Calculate the remainder when 8942 is divided by 9.
5
Calculate the remainder when 242 is divided by 118.
6
What is the remainder when 433 is divided by 145?
143
What is the remainder when 98 is divided by 17?
13
What is the remainder when 483 is divided by 70?
63
Calculate the remainder when 385 is divided by 130.
125
Calculate the remainder when 472 is divided by 14.
10
Calculate the remainder when 4086 is divided by 14.
12
What is the remainder when 692 is divided by 1?
0
What is the remainder when 248 is divided by 21?
17
What is the remainder when 694 is divided by 12?
10
Calculate the remainder when 92 is divided by 19.
16
Calculate the remainder when 235 is divided by 61.
52
What is the remainder when 39 is divided by 7?
4
Calculate the remainder when 1264 is divided by 117.
94
What is the remainder when 298 is divided by 55?
23
Calculate the remainder when 595 is divided by 13.
10
Calculate the remainder when 1611 is divided by 281.
206
What is the remainder when 4290 is divided by 59?
42
Calculate the remainder when 7865 is divided by 6.
5
Calculate the remainder when 620 is divided by 203.
11
Calculate the remainder when 970 is divided by 240.
10
What is the remainder when 508 is divided by 81?
22
Calculate the remainder when 235 is divided by 99.
37
Calculate 